 of 57?
True
Is 14930487 a multiple of 13?
True
Is 102814 a multiple of 30?
False
Is 31 a factor of 260276?
True
Does 126 divide 10855070?
False
Is 61 a factor of 162382?
True
Is 223444 a multiple of 167?
False
Is 1038047 a multiple of 3?
False
Does 425 divide 5098300?
True
Is 40170 a multiple of 26?
True
Is 614 a factor of 449448?
True
Does 9 divide 993846?
False
Is 161 a factor of 30268?
True
Is 30485 a multiple of 91?
True
Is 16 a factor of 461891?
False
Is 163578 a multiple of 20?
False
Is 48 a factor of 9612528?
True
Is 9929066 a multiple of 2854?
True
Does 55 divide 390940?
True
Is 233400 a multiple of 150?
True
Is 49500 a multiple of 20?
True
Is 4266012 a multiple of 6?
True
Is 21 a factor of 130874?
False
Is 30198 a multiple of 13?
False
Does 93 divide 2994879?
True
Does 15 divide 300832?
False
Does 5 divide 51325?
True
Is 1566554 a multiple of 2072?
False
Does 6 divide 111874?
False
Is 948972 a multiple of 62?
True
Does 3 divide 756329?
False
Is 18185 a multiple of 5?
True
Does 27 divide 16578?
True
Does 18 divide 2166814?
False
Does 75 divide 195825?
True
Is 7220430 a multiple of 1095?
True
Does 38 divide 194066?
True
Is 5742624 a multiple of 984?
True
Is 6847264 a multiple of 1248?
False
Does 22 divide 9680000?
True
Is 14 a factor of 8094590?
True
Is 1063120 a multiple of 548?
True
Is 37335 a multiple of 57?
True
Is 1872933 a multiple of 365?
False
Does 122 divide 954262?
False
Is 21 a factor of 961800?
True
Is 37 a factor of 17867415?
False
Is 94130 a multiple of 42?
False
Does 6 divide 104769?
False
Is 26500 a multiple of 25?
True
Is 911 a factor of 4893867?
False
Is 800166 a multiple of 6?
True
Does 156 divide 766896?
True
Is 21648 a multiple of 123?
True
Does 45 divide 8414391?
False
Is 1214338 a multiple of 372?
False
Does 15 divide 14595?
True
Does 47 divide 148747?
False
Is 15491080 a multiple of 872?
True
Is 82 a factor of 72284?
False
Is 6014 a multiple of 381?
False
Does 9 divide 2838348?
True
Is 195228 a multiple of 44?
True
Is 615 a factor of 594751?
False
Does 577 divide 1538593?
False
Is 10 a factor of 4354290?
True
Is 5849406 a multiple of 398?
True
Is 101812 a multiple of 138?
False
Is 13 a factor of 830063?
True
Does 14 divide 3191456?
False
Does 6 divide 166914?
True
Is 15 a factor of 804790?
False
Is 17 a factor of 22226148?
False
Does 44 divide 157758?
False
Is 94184 a multiple of 13?
False
Is 26 a factor of 142471?
False
Is 78706 a multiple of 58?
True
Is 543 a factor of 561432?
False
Is 787021 a multiple of 23?
False
Is 92 a factor of 413540?
True
Is 1937712 a multiple of 7?
True
Does 19 divide 114?
True
Does 10 divide 192530?
True
Is 27324 a multiple of 33?
True
Does 22 divide 97398?
False
Does 827 divide 762844?
False
Does 15 divide 5908635?
True
Does 44 divide 17418?
False
Does 16 divide 410472?
False
Is 83 a factor of 1032168?
False
Is 35 a factor of 129648?
False
Does 26 divide 467955?
False
Does 324 divide 124765?
False
Does 240 divide 439157?
False
Is 35 a factor of 3959218?
False
Is 12698 a multiple of 184?
False
Is 9296 a multiple of 36?
False
Is 24 a factor of 4376158?
False
Is 898828 a multiple of 19?
False
Does 10 divide 350080?
True
Is 6374766 a multiple of 1686?
True
Is 16 a factor of 1326022?
False
Is 13 a factor of 91103?
False
Is 62 a factor of 6416?
False
Is 89 a factor of 146089?
False
Is 72 a factor of 26602?
False
Is 178068 a multiple of 22?
True
Is 54 a factor of 107503?
False
Is 56 a factor of 154208?
False
Is 128 a factor of 53473?
False
Is 8 a factor of 2193816?
True
Is 951 a factor of 16344390?
False
Does 222 divide 21312?
True
Does 129 divide 646935?
True
Is 159 a factor of 18405363?
True
Does 82 divide 142975?
False
Does 17 divide 1435174?
True
Is 5 a factor of 217650?
True
Is 28 a factor of 724583?
False
Is 981298 a multiple of 719?
False
Does 8 divide 6949094?
False
Does 46 divide 446568?
True
Does 8 divide 361555?
False
Does 649 divide 286209?
True
Does 40 divide 343919?
False
Is 516765 a multiple of 5?
True
Does 348 divide 121510?
False
Is 17 a factor of 2486527?
False
Does 13 divide 9763?
True
Is 68640 even?
True
Is 218568 a multiple of 73?
False
Is 294351 a multiple of 580?
False
Is 15 a factor of 159240?
True
Does 55 divide 35365?
True
Is 348492 a multiple of 514?
True
Does 328 divide 2220888?
True
Is 428244 a multiple of 381?
True
Does 97 divide 8790334?
True
Is 507186 a multiple of 18?
True
Is 13 a factor of 5695147?
False
Does 15 divide 197025?
True
Does 442 divide 932178?
True
Does 97 divide 68288?
True
Is 21 a factor of 2567525?
False
Does 62 divide 299832?
True
Is 585 a factor of 1515735?
True
Does 13 divide 2716826?
False
Is 3 a factor of 25092?
True
Is 67483 a multiple of 14?
False
Is 12 a factor of 129267?
False
Is 644 a multiple of 46?
True
Is 114 a factor of 2415058?
False
Does 97 divide 3243555?
False
Is 329130 a multiple of 106?
True
Is 146010 a multiple of 483?
False
Is 26 a factor of 150281?
False
Is 12 a factor of 275088?
True
Is 2 a factor of 20953?
False
Is 11109216 a multiple of 2386?
True
Is 15 a factor of 140775?
True
Is 883050 a multiple of 50?
True
Is 1053170 a multiple of 83?
False
Is 343 a factor of 1464267?
True
Does 2 divide 35132?
True
Does 26 divide 4564664?
True
Is 333 a factor of 677655?
True
Does 36 divide 68976?
True
Is 43031 a multiple of 37?
True
Is 3475 a multiple of 20?
False
Is 50976 a multiple of 354?
True
Is 8262296 a multiple of 66?
False
Is 34 a factor of 10461856?
False
Is 4 a factor of 18963?
False
Does 21 divide 31079?
False
Is 39 a factor of 160719?
True
Does 8 divide 207233?
False
Is 364892 a multiple of 11?
True
Is 50 a factor of 4412150?
True
Is 95 a factor of 743260?
False
Is 38 a factor of 395162?
True
Does 14 divide 195118?
True
Is 114 a factor of 107301?
False
Is 31 a factor of 502417?
True
Is 1877998 a multiple of 133?
False
Is 8 a factor of 104990?
False
Does 567 divide 207522?
True
Does 20 divide 88100?
True
Does 122 divide 824105?
False
Is 76 a factor of 60308?
False
Does 40 divide 211240?
True
Is 13982559 a multiple of 35?
False
Is 112200 a multiple of 12?
True
Is 16389 a multiple of 203?
False
Is 216936 a multiple of 552?
True
Is 5852316 a multiple of 29?
True
Does 33 divide 2228?
False
Is 298476 a multiple of 59?
False
Does 19 divide 13136386?
False
Is 27 a factor of 1256175?
True
Does 9 divide 8469216?
True
Is 340919 a multiple of 62?
False
Is 664524 a multiple of 42?
True
Does 8 divide 669088?
True
Is 32 a factor of 398219?
False
Is 388 a factor of 4082924?
True
Does 13 divide 7459037?
False
Is 251 a factor of 33422?
False
Is 73 a factor of 1076750?
True
Does 23 divide 67753?
False
Is 109295 a multiple of 121?
False
Is 33 a factor of 163449?
True
Is 61 a factor of 270169?
True
Is 1506 a factor of 471107?
False
Is 48 a factor of 168096?
True
Is 36018 a multiple of 69?
True
Does 24 divide 37775?
False
Is 230 a factor of 281750?
True
Is 2019920 a multiple of 560?
True
Does 6 divide 349050?
True
Does 7 divide 146181?
True
Does 7 divide 720724?
False
Does 61 divide 386085?
False
Is 1776 a multiple of 12?
True
Does 9 divide 3950268?
False
Is 167 a factor of 1388751?
False
Is 151 a factor of 159607?
True
Is 29 a factor of 476187?
False
Does 372 divide 4885104?
True
Does 22 divide 5549464?
False
Is 177 a factor of 153980?
False
Is 631 a factor of 273296?
False
Does 22 divide 83578?
True
Is 329 a factor of 174041?
True
Is 17 a factor of 4144175?
True
Does 95 divide 72303?
False
Is 15706584 a multiple of 279?
True
Does 110 divide 539550?
True
Is 8271 a multiple of 67?
False
Does 183 divide 4440861?
True
Is 2532019 a multiple of 72?
False
Is 826447 a multiple of 182?
False
Is 40 a factor of 92456?
False
Does 21 divide 175378?
False
Does 31 divide 309814?
True
Is 29896 a multiple of 4?
True
Is 305760 a multiple of 21?
True
Does 670 divide 188940?
True
Is 3456238 a multiple of 358?
False
Is 2 a factor of 450215?
False
Does 4 divide 76169?
False
Is 225808 a multiple of 8?
True
Is 4 a factor of 4952?
True
Is 13 a factor of 255034?
True
Is 1267378 a multiple of 14?
True
Does 21 divide 9681?
True
Is 15 a factor of 15510?
True
Does 3 divide 18609?
True
Is 39025 a multiple of 35?
True
Is 200 a factor of 13535694?
False
Is 7803360 a multiple of 180?
True
Does 11 divide 457006?
True
Is 182400 a multiple of 57?
True
Does 28 divide 1